rime factors of 186350?
2, 5, 3727
List the prime factors of 16586.
2, 8293
What are the prime factors of 1714?
2, 857
What are the prime factors of 750?
2, 3, 5
What are the prime factors of 27626?
2, 19, 727
What are the prime factors of 123476?
2, 30869
List the prime factors of 26465.
5, 67, 79
What are the prime factors of 1012?
2, 11, 23
What are the prime factors of 659?
659
What are the prime factors of 701?
701
List the prime factors of 14301.
3, 7, 227
List the prime factors of 1209.
3, 13, 31
What are the prime factors of 3623?
3623
List the prime factors of 59197.
59197
What are the prime factors of 498?
2, 3, 83
What are the prime factors of 20527?
13, 1579
What are the prime factors of 74037?
3, 23, 29, 37
What are the prime factors of 23748?
2, 3, 1979
List the prime factors of 11664.
2, 3
List the prime factors of 10294.
2, 5147
List the prime factors of 319.
11, 29
What are the prime factors of 497?
7, 71
What are the prime factors of 70288?
2, 23, 191
List the prime factors of 7941.
3, 2647
What are the prime factors of 4221?
3, 7, 67
What are the prime factors of 2461?
23, 107
List the prime factors of 466.
2, 233
List the prime factors of 2950.
2, 5, 59
List the prime factors of 429.
3, 11, 13
What are the prime factors of 3713?
47, 79
List the prime factors of 31786.
2, 23, 691
List the prime factors of 8418.
2, 3, 23, 61
List the prime factors of 1938.
2, 3, 17, 19
What are the prime factors of 13381?
13381
What are the prime factors of 31895?
5, 6379
What are the prime factors of 24524?
2, 6131
What are the prime factors of 1224?
2, 3, 17
List the prime factors of 3222.
2, 3, 179
List the prime factors of 105749.
7, 15107
What are the prime factors of 713?
23, 31
What are the prime factors of 580?
2, 5, 29
What are the prime factors of 27269?
11, 37, 67
What are the prime factors of 30406?
2, 23, 661
What are the prime factors of 17683?
17683
What are the prime factors of 5807?
5807
List the prime factors of 30832.
2, 41, 47
List the prime factors of 2017.
2017
What are the prime factors of 176?
2, 11
What are the prime factors of 62428?
2, 15607
What are the prime factors of 5694?
2, 3, 13, 73
What are the prime factors of 6661?
6661
List the prime factors of 18389.
7, 37, 71
What are the prime factors of 2342?
2, 1171
What are the prime factors of 5490?
2, 3, 5, 61
List the prime factors of 1274.
2, 7, 13
What are the prime factors of 989?
23, 43
List the prime factors of 1110.
2, 3, 5, 37
List the prime factors of 211.
211
List the prime factors of 81443.
23, 3541
List the prime factors of 2134.
2, 11, 97
List the prime factors of 770.
2, 5, 7, 11
What are the prime factors of 1911?
3, 7, 13
What are the prime factors of 766?
2, 383
List the prime factors of 9736.
2, 1217
List the prime factors of 13979.
7, 1997
What are the prime factors of 3470?
2, 5, 347
List the prime factors of 3895.
5, 19, 41
List the prime factors of 11323.
13, 67
List the prime factors of 86561.
86561
What are the prime factors of 2483?
13, 191
What are the prime factors of 1009?
1009
What are the prime factors of 19211?
19211
What are the prime factors of 20889?
3, 11, 211
What are the prime factors of 278?
2, 139
List the prime factors of 57338.
2, 28669
List the prime factors of 4026.
2, 3, 11, 61
What are the prime factors of 14509?
11, 1319
List the prime factors of 6206.
2, 29, 107
List the prime factors of 19015.
5, 3803
What are the prime factors of 2732?
2, 683
List the prime factors of 77521.
77521
What are the prime factors of 2463?
3, 821
What are the prime factors of 13124?
2, 17, 193
What are the prime factors of 47821?
17, 29, 97
What are the prime factors of 527?
17, 31
List the prime factors of 16792.
2, 2099
List the prime factors of 1977.
3, 659
List the prime factors of 4164.
2, 3, 347
What are the prime factors of 12764?
2, 3191
List the prime factors of 50161.
103, 487
List the prime factors of 49121.
49121
List the prime factors of 32250.
2, 3, 5, 43
What are the prime factors of 650?
2, 5, 13
List the prime factors of 1552.
2, 97
What are the prime factors of 1691?
19, 89
What are the prime factors of 27928?
2, 3491
What are the prime factors of 6954?
2, 3, 19, 61
What are the prime factors of 10245?
3, 5, 683
List the prime factors of 148.
2, 37
List the prime factors of 14938.
2, 7, 11, 97
What are the prime factors of 58993?
11, 31, 173
What are the prime factors of 15474?
2, 3, 2579
What are the prime factors of 159191?
159191
List the prime factors of 22739.
22739
What are the prime factors of 50564?
2, 12641
What are the prime factors of 8042?
2, 4021
List the prime factors of 45485.
5, 11, 827
What are the prime factors of 329?
7, 47
List the prime factors of 18245.
5, 41, 89
What are the prime factors of 1436?
2, 359
List the prime factors of 29976.
2, 3, 1249
List the prime factors of 4600.
2, 5, 23
What are the prime factors of 908?
2, 227
What are the prime factors of 2324?
2, 7, 83
What are the prime factors of 491?
491
What are the prime factors of 74007?
3, 2741
What are the prime factors of 1780?
2, 5, 89
What are the prime factors of 22463?
7, 3209
What are the prime factors of 2036?
2, 509
What are the prime factors of 12110?
2, 5, 7, 173
What are the prime factors of 11335?
5, 2267
List the prime factors of 108477.
3, 17, 709
What are the prime factors of 1257?
3, 419
What are the prime factors of 1477?
7, 211
What are the prime factors of 1869?
3, 7, 89
List the prime factors of 12989.
31, 419
List the prime factors of 18949.
7, 2707
List the prime factors of 91231.
7, 13033
What are the prime factors of 9528?
2, 3, 397
What are the prime factors of 24891?
3, 8297
List the prime factors of 1107.
3, 41
What are the prime factors of 33645?
3, 5, 2243
What are the prime factors of 27722?
2, 83, 167
List the prime factors of 747.
3, 83
What are the prime factors of 1501?
19, 79
What are the prime factors of 36893?
79, 467
What are the prime factors of 133?
7, 19
List the prime factors of 8343.
3, 103
List the prime factors of 17496.
2, 3
List the prime factors of 100618.
2, 7, 7187
List the prime factors of 19688.
2, 23, 107
What are the prime factors of 2965?
5, 593
List the prime factors of 121856.
2, 7, 17
What are the prime factors of 4138?
2, 2069
What are the prime factors of 6596?
2, 17, 97
What are the prime factors of 4196?
2, 1049
List the prime factors of 445.
5, 89
What are the prime factors of 7676?
2, 19, 101
List the prime factors of 735.
3, 5, 7
What are the prime factors of 2315?
5, 463
List the prime factors of 10185.
3, 5, 7, 97
What are the prime factors of 226?
2, 113
What are the prime factors of 1774?
2, 887
What are the prime factors of 21013?
21013
What are the prime factors of 6936?
2, 3, 17
What are the prime factors of 2094?
2, 3, 349
List the prime factors of 11523.
3, 23, 167
What are the prime factors of 10046?
2, 5023
What are the prime factors of 1344?
2, 3, 7
What are the prime factors of 247?
13, 19
List the prime factors of 54897.
3, 29, 631
List the prime factors of 271.
271
List the prime factors of 25133.
41, 613
List the prime factors of 74961.
3, 8329
List the prime factors of 34298.
2, 11, 1559
List the prime factors of 955.
5, 191
What are the prime factors of 202?
2, 101
List the prime factors of 27242.
2, 53, 257
What are the prime factors of 2417?
2417
What are the prime factors of 3300?
2, 3, 5, 11
What are the prime factors of 32960?
2, 5, 103
List the prime factors of 3575.
5, 11, 13
What are the prime factors of 13089?
3, 4363
List the prime factors of 25282.
2, 12641
What are the prime factors of 10363?
43, 241
What are the prime factors of 66457?
66457
What are the prime factors of 1923?
3, 641
List the prime factors of 58318.
2, 13, 2243
What are the prime factors of 22973?
22973
List the prime factors of 1725.
3, 5, 23
What are the prime factors of 19076?
2, 19, 251
What are the prime factors of 565?
5, 113
What are the prime factors of 102427?
13, 7879
What are the prime factors of 6723?
3, 83
What are the prime factors of 604?
2, 151
What are the prime factors of 3357?
3, 373
What are the prime factors of 1228?
2, 307
What are the prime factors of 2071?
19, 109
What are the prime factors of 50819?
89, 571
What are the prime factors of 50?
2, 5
L